5 - n. Let a(j) = 10*j. Give a(d).
10
Let z = -11 - -15. Suppose 5 + 13 = b + z*w, -5*w + 22 = b. Let s(i) = 5*i**b - 4*i**2 + i + i**3 - 4*i + 3. What is s(-3)?
-6
Suppose -r - 9 = -4*r. Let s(w) = -w**2 - 6*w + 9. Let q be s(-7). Let j(g) = -1 + g - r + q. Calculate j(5).
3
Let b(a) = -a**3 - a**2 + 4*a + 3. Let g be 10/(-40) + (-11)/4. Calculate b(g).
9
Suppose x = -4*t - 0*x - 4, 3*t = 4*x + 16. Let f(u) be the third derivative of -1/3*u**3 + 1/120*u**6 + 0 + 1/10*u**5 + t*u + 1/8*u**4 + u**2. Calculate f(-5).
8
Let l(b) = -2*b - 7. Let r(c) = c + 3. Let j(k) = 6*l(k) + 13*r(k). Let i be j(6). Let q(x) = x - 7*x + 2*x**2 - i*x**2 - 2. Calculate q(-5).
3
Suppose 20 = -4*b - 10*g + 5*g, -g + 15 = -3*b. Let j(x) = x + 11. Calculate j(b).
6
Let q(w) = -w**2 - 9*w - 10. Let c be q(-9). Let g = 15 + c. Let h(p) = -p**3 + 5*p**2 + 2*p - 5. What is h(g)?
5
Suppose 18 = 2*a - 4. Suppose 0 = 3*p + x + a, -4*p - 4 = 2*x + 10. Let v(y) = 1 - 3*y - y**2 - 3*y + 3*y. What is v(p)?
-3
Suppose 4*w - 19 - 1 = 0. Let k(h) = w + h + 0 - 3. Give k(-4).
-2
Suppose 3*u - 22 = -7. Let f = u + -9. Let b(x) = -x**2 - 12 - 4*x + 5 + 9. Determine b(f).
2
Suppose 3*c = 3*r, -2*r + 2 = -2. Let h(s) = -5 + c*s - 1 + 4. Let n(u) = u**3 + 9*u**2 + 7*u - 11. Let t be n(-8). Determine h(t).
-8
Let i be 2 + 0 + 0/(-2) - 0. Let p(c) = c**3 - 2*c**2 + 2*c. Calculate p(i).
4
Let n be (-4)/7 + 168/(-49). Let w(r) = -11*r**3 - 7*r**2 - 15*r - 3. Let p(d) = -7*d**3 - 5*d**2 - 10*d - 2. Let t(z) = -8*p(z) + 5*w(z). Determine t(n).
-3
Let i(d) be the third derivative of -d**5/60 - 5*d**4/24 - d**3/3 - 37*d**2. What is i(-3)?
4
Let f(a) = 15*a**2 - 2*a + 1. Suppose 7*z + 30 = 4*z. Let g be 2/4*z/(-5). Give f(g).
14
Let m(w) be the third derivative of -w**4/24 + w**3 - 19*w**2. Give m(0).
6
Let l(n) = 4*n + 4. Suppose 54 = 10*w - 19*w. What is l(w)?
-20
Let o(x) = x - 5. Let r(p) = 7*p - 4. Let c(z) = -6*z + 3. Let a(u) = -6*c(u) - 5*r(u). Let g be a(-6). What is o(g)?
-9
Let u(j) = j**3 - 5*j**3 - 1 + j**2 + 0*j + j. Let l(q) = q**3 + 2*q**2 + 1. Suppose 3 = -5*w - 7. Let n be l(w). Determine u(n).
-3
Let j(l) = 2*l**2 + 1. Let f be j(1). Let z(q) = -4*q**2 - 13. Let x(w) = w**2 + 4. Let r(m) = 7*x(m) + 2*z(m). What is r(f)?
-7
Suppose 22*v - 9 = 13*v. Let g(i) = -i**3 + i. Determine g(v).
0
Let l(v) = -v**3 - 6*v**2 - 2*v - 9. Suppose -2*t + 19 = 7. Let u be 2/1 - t - 2. Give l(u).
3
Let n(i) = -i**3. Let u(v) = 7*v - 13. Let x(s) = -11*s + 20. Let p(l) = -8*u(l) - 5*x(l). Let y be ((-12)/(-10))/(12/40). Let f be p(y). Determine n(f).
0
Suppose -6 - 18 = -4*z. Suppose 2*p + z = -2. Let k(x) = -3*x - 6. Determine k(p).
6
Let u(t) = 37*t - 4. Let i(c) = -9*c + 1. Let d(w) = 9*i(w) + 2*u(w). Let f(s) = s**3 + 3*s**2 + s. Let z be f(-1). What is d(z)?
-6
Let s be ((-6)/4)/(9/(-12)). Let z(o) = 6*o**2 + 2*o + 6. Let r(k) = 5*k**2 + k + 5. Let g(y) = 4*r(y) - 3*z(y). Calculate g(s).
6
Let x(d) = -d**3 - 7*d**2 - 6*d - 6. Suppose 19 - 1 = -3*c + 5*b, 0 = 3*c - 4*b + 18. Calculate x(c).
-6
Let b(x) = 2 + 3*x + 0*x**2 - x + x**2. Let g be b(-2). Let i(z) be the first derivative of z**2/2 + 17. Give i(g).
2
Let l(p) = p**3 + 5*p**2 + p + 3. Let t be l(-5). Suppose -2*j = -8, 5*g = 2*j - 0*j + 22. Let v = g + t. Let x(h) = h**3 - 5*h**2 + 2*h + 3. Calculate x(v).
-5
Suppose -2*m + 4 = 2*c, 0 = -0*m - 2*m - c + 9. Let u be (-5)/(-7) + 2/m. Let i(p) = -p + 3 - 6*p**2 - 6 + 4. Calculate i(u).
-6
Let b be (-160)/(-72) + 4/(-18). Let c(d) = -1 - 5*d**2 + 4*d**b - d + 3*d. Calculate c(3).
-4
Let g(b) = -9*b + 8. Let q(d) be the second derivative of d**3 - 5*d**2/2 + 2*d. Let c(a) = 5*g(a) + 8*q(a). Let u be c(2). Let j(y) = y - 7. Give j(u).
-1
Let a(c) = -2*c**3 - 10*c**2 + 14*c - 2. Let f(b) = 3*b**3 + 15*b**2 - 21*b + 3. Let o(n) = 8*a(n) + 5*f(n). Give o(-6).
-7
Let a(r) = 5*r + 5*r**2 + 3*r**3 - 4*r**2 - 4*r**3 - 7*r**2 + 2. Give a(-7).
16
Let f(i) be the third derivative of i**4/12 - 5*i**3/6 - 2*i**2. Let m = 41 + -24. Let b be 2/(-3) - m/(-3). Calculate f(b).
5
Let q = 13 - 14. Let k(s) be the third derivative of s**4/12 - 4*s**2. What is k(q)?
-2
Let n(g) = 3*g - 8 - 11*g + 9*g. Determine n(10).
2
Let u = -8 - -12. Let d = u - 5. Let m(g) = -5*g + 1. Determine m(d).
6
Suppose 3*a + 4*v - 5*v = 11, 5*a - 13 = -v. Let s = -4 + 6. Let u(n) = n - 4*n**2 + n**s + 3*n**2 - 1 - n**2. What is u(a)?
-7
Let t = 0 - 2. Let v(r) be the second derivative of -r**4/6 - r**3/3 + r**2 + r. Calculate v(t).
-2
Let w(p) = p**2 - 6*p - 5. Let u = 8 + -3. Suppose 2*t = -b - 4*b + 32, t + u*b = 26. Give w(t).
-5
Let n(p) = -p - 80*p**3 + 81*p**3 + 2*p**2 - 8*p**2. Give n(6).
-6
Let x(m) = -m**2 - 8*m - 4. Let t(q) be the first derivative of -2*q**3/3 - 8*q**2 - 7*q + 3. Let f(j) = 2*t(j) - 5*x(j). Calculate f(-6).
-6
Suppose 4*g - 13 + 1 = 0. Let y(o) = -o**2 + 3*o + 4. Give y(g).
4
Let a(k) = 3*k**2 - 2*k - 1. Suppose -5 = h, 4*z + 4*h + 26 = z. What is a(z)?
15
Let l be ((-1)/3)/(1/(-6)). Suppose 4*x - l = 6. Let a be x/(10/4 + -2). Let s(u) = -u**2 + 4*u - 3. Give s(a).
-3
Let d(t) = -4*t - 3. Let x = -19 - -17. Calculate d(x).
5
Let j(t) = -19*t + 7. Let v(d) = 28*d - 10. Let y(s) = 7*j(s) + 5*v(s). Let x(a) = -2*a - 4. Let g be x(-3). Suppose 0 = 2*p - 0*p + g. What is y(p)?
-8
Suppose g - 3*g = 0. Let o(m) = 1 + 0*m + m**2 + 2*m + g*m + 0*m**2. Let y be (-4)/(-18) - (-29)/(-9). What is o(y)?
4
Let z(o) = -15*o**2 + 15*o. Let p(v) = 7*v**2 - 7*v. Let k(q) = 13*p(q) + 6*z(q). Determine k(0).
0
Let w(f) = 7*f**2. Let d be w(-1). Let c(j) = j - 5. Let v be c(d). Let i(l) = -3 + 4 + 1 - 2*l**v. Give i(-2).
-6
Let t be 10/15 - (-12)/9. Let k(o) = -o + 5*o**2 - 3*o**t + o**3 - 2 - 3*o**2. Determine k(0).
-2
Let x(p) be the second derivative of -p**3/6 + 5*p**2/2 - 27*p. What is x(6)?
-1
Let l(h) = -h**2 - h. Let q(o) = -6*o**2 - 6*o - 1. Let r(x) = -3*l(x) + q(x). Let j(d) = -16*d**2 - 16*d - 6. Let u(g) = -6*j(g) + 33*r(g). Give u(-3).
-15
Let o(b) = -1 - 85*b + 2*b**2 + 85*b + 4*b**3. Calculate o(-1).
-3
Let f(j) = -3*j**2 + 9*j**2 + 0*j + 5*j + j**3 + 3. Suppose -5*m + 7*m - 17 = 5*z, -2*m - 28 = 4*z. What is f(z)?
3
Suppose 0 = 2*q - 0 - 4. Let t(u) = 3*u + 1. What is t(q)?
7
Let a(k) = -9*k - 3. Let l(f) = 5*f + 2. Let c(v) = 4*a(v) + 7*l(v). Calculate c(-2).
4
Let n(a) = 74 + 0*a + 4*a - 70 - 2*a**2. What is n(4)?
-12
Let r(m) = -m - 8. Suppose 2*k + 3*k = 5*l, l - 6 = 4*k. Let z be -3 + 2 + k - -5. Suppose -j = -z*u + 8, 2*u = -3*u + 20. Determine r(j).
-8
Let k(r) = -r**3 + 13*r**2 - 11*r + 12. Let l(x) = x**3 - 12*x**2 + 10*x - 11. Let f(s) = 6*k(s) + 7*l(s). Determine f(5).
-10
Let s(l) = -l + 7. Let v be s(5). Suppose -5*h - 5 - 15 = 0, -4*t - v*h = -12. Let i(a) = 3*a - 7. What is i(t)?
8
Let m(f) = -f**3 + 3*f**2 + 4*f - 3. Let r be m(4). Let g(u) be the third derivative of 0 - 2/3*u**3 - 1/30*u**5 - 5/24*u**4 + 2*u**2 + 0*u. What is g(r)?
-7
Let l = -102 + 104. Let o(f) be the first derivative of f**3/3 - 2*f**2 + 3*f + 2. Determine o(l).
-1
Suppose -4*g + 10 = -5*t, -t - 10 = 4*t. Let v be 0/(0 - (g + 2)). Suppose -a + 1 + 3 = v. Let s(z) = z**2 - 6*z + 1. What is s(a)?
-7
Let w = -2 + 7. Suppose -2 - 8 = -w*f. Let q(n) = -n**3 + 6*n**f - 20*n - 2*n**2 + 15*n + 2*n**2. Give q(5).
0
Let r(h) be the first derivative of -h**3/3 + 9*h**2/2 - 8*h - 11. Determine r(7).
6
Suppose 13*q + 70 = 18. Let p(d) = d + 2. Determine p(q).
-2
Suppose 0 = -2*h + 6*h - 8. Let r(l) = l - 4. Calculate r(h).
-2
Let a be 0/((-1 + 3)*1 + -1). Let m(c) = c - 3. Determine m(a).
-3
Let n(z) be the second derivative of -1/3*z**3 - 7/12*z**4 + 2*z + 1/2*z**2 + 0. Let y(g) = g - 5. Let i be y(6). What is n(i)?
-8
Suppose 0 = 3*z + 2*h - 15, -4*z - 3*h + 13 + 6 = 0. Let s(l) = l - 9. Determine s(z).
-2
Let w(t) = -7*t**3 - 12*t**2 - 17*t + 5. Let g(s) = -4*s**3 - 6*s**2 - 9*s + 3. Let q(a) = -5*g(a) + 3*w(a). Give q(-5).
5
Suppose 2*j = 6*j + 48. Let p = 7 + j. Let z(u) = u**2 + 7*u + 6. Give z(p).
-4
Let r(f) = -4*f + 3*f + 0*f + 1. Give r(4).
-3
Let f(q) = 11*q - 2. Suppose -6 - 4 = -5*n. Let j(g) = -111*g + 21. Let w(r) = n*j(r) + 21*f(r). Give w(1).
9
Let f(x) = x**3 - 5*x**2 - 3*x - 8. Suppose 1 = -a, 5*r - 4*a = -3*a + 31. Calculate f(r).
10
Let x be (5/2)/(-5)*0. Suppose -5*k + 15 = x, 5*j - 6 = -0*j + 3*k. Let m(y) =